 - (-3 + 2)) + a.
32
Suppose 0 = -2*i + 4*n + 56, -3*i + 73 - 22 = 5*n. Calculate the remainder when (252/(-10))/(180/(-450)) is divided by i.
19
Let o = 44 - 26. What is the remainder when 431 is divided by o?
17
Suppose 0*s = -5*s + 15. Suppose -3*h + s*o = -66, 2*h + 2*h + 3*o - 88 = 0. Suppose 3*a - 26 + 2 = 0. What is the remainder when h is divided by a?
6
Let h = -10 - -18. Suppose n - 5*s - 24 = 24, 5*n + 5*s = 120. Calculate the remainder when n is divided by h.
4
Let p(t) = -36*t. Let u be p(1). Let d = 18 - u. What is the remainder when d is divided by 19?
16
Suppose -5*n + 1520 = 14*n. Calculate the remainder when n is divided by 31.
18
Calculate the remainder when 35 is divided by (-28 - 2)*(-2)/5.
11
Let p(d) = -8*d - 20. Suppose 4*q = l + 64, 4*q - 83 = -q + 2*l. What is the remainder when p(-6) is divided by q?
13
Let t = 687 + -672. Calculate the remainder when (-165)/(-6) - 6/(-12) is divided by t.
13
Let d = -12 + 26. Suppose 60 = -4*a + 180. Suppose 3*r - a = 45. Calculate the remainder when r is divided by d.
11
Suppose 88*h = 83*h + 115. Calculate the remainder when 252 is divided by h.
22
Let r(n) = 3*n**2 - 4*n - 3. Let y be r(-3). What is the remainder when y + (-7 + 3)/1 is divided by 18?
14
Let r = -12 + 44. What is the remainder when r is divided by 6?
2
Let r(y) = 124*y**3 + 2*y**2 + y - 2. Suppose -6*c = -c - 5. Calculate the remainder when r(c) is divided by 42.
41
Let c(h) = 2*h**2 - 5*h - 2. Calculate the remainder when c(5) is divided by (-6)/21 + ((-675)/(-35) - 7).
11
Let g = 6 + -1. Suppose -4*l + g*p + 7 = -58, -l + 20 = -2*p. What is the remainder when l is divided by 6?
4
Let p = -21 + 24. Suppose -p*f = q - 48, 4*q = -2*f - 53 + 235. What is the remainder when q is divided by 23?
22
Let v be (-1 + -92)/(-3 + 2). Suppose -24 + 60 = 4*m. Suppose 6*x - m*x + v = 0. What is the remainder when x is divided by 11?
9
Let t(x) = -3*x - 6. Let g be t(-2). Suppose g*a + a + 75 = 5*f, -2*a - 38 = -2*f. Calculate the remainder when 18 is divided by f.
4
Suppose -268*p = -276*p + 64. Calculate the remainder when 1/(-3) + 204/18 is divided by p.
3
Suppose l = -2*k + 5 - 1, 3*l = 0. Let h(i) = 9*i**2 + i + 2. Calculate the remainder when h(k) is divided by 7/(((-12)/9)/(-4)).
19
Suppose 13 - 28 = -5*q. Suppose 4*l - 79 = -q. What is the remainder when 27 is divided by l?
8
Calculate the remainder when 334 is divided by 88/66 + (-240)/(-9).
26
What is the remainder when 408 + 5 - 10/(-2 - -7) is divided by 59?
57
Let c = -212 - -288. What is the remainder when 300 is divided by c?
72
Suppose 0 = 2*j + j - 45. Let z be 5894/105 + 4/(-30). Suppose 89 + z = 5*n. Calculate the remainder when n is divided by j.
14
Let b be (-1 + 11)*3/2. Suppose 3*u + 3*k - 18 = 0, -3*k = -u - b + 5. What is the remainder when (-2)/(-4 - (2 - 5)) is divided by u?
0
Suppose -4*d - 23 = -2*z - 3, -2*z + 15 = -3*d. Let m = 35 + z. Calculate the remainder when m is divided by 9.
8
Let k be -2 + (16 - -2)/2. Suppose k*o - 2*o = 410. What is the remainder when o is divided by 21?
19
Suppose a = 5*m + 3*a - 78, -m + 22 = 2*a. Let j be (3 + -10 - 2)*1/3. Let f = m - j. What is the remainder when 48 is divided by f?
14
Let a = 8 - 5. Suppose a*k - 15 = 12. What is the remainder when 4*20/(-25)*-5 is divided by k?
7
Suppose m + 4*c - 3 = -19, 0 = -5*m + c + 25. Let s = 3 + m. Calculate the remainder when (0 + (-38)/(-2))*1 is divided by s.
5
Suppose 0 = -0*m + 3*m - 36. Let d be 9/(-6)*m/(-18). Let h(k) = 14*k**3 + k**2 + k - 2. What is the remainder when 54 is divided by h(d)?
12
Let j be (-202)/(-4) - 3/6. Let m(p) = -p**2 + 11*p - 5. What is the remainder when m(8) is divided by ((-1)/2)/((-5)/j)?
4
Suppose -25 = r - 6*r. Let p = -1670 - -1676. What is the remainder when p is divided by r?
1
Suppose -144 = -2*h + 3*s - 0*s, h = 4*s + 77. Suppose -702 = -9*u + 1755. Calculate the remainder when u is divided by h.
66
Suppose 357 + 2381 = 37*w. What is the remainder when 1921 is divided by w?
71
What is the remainder when (-2 + 246)*(0 - -3)/6 is divided by 41*7/14*2?
40
Let v = -715 + 750. Calculate the remainder when 1013 is divided by v.
33
Let l = -10 + 12. Suppose z + z = 6. Suppose -z*b - 3 = -4*b. What is the remainder when b is divided by l?
1
Let i = 161 - 265. Calculate the remainder when 42 is divided by i/(-13) - -3*1.
9
Suppose -4*r = -65 + 13. Calculate the remainder when 246 is divided by r.
12
Let i(m) = m**2 - 13*m - 12. Suppose -2*l = -w + 15, 4*w = 4*l - 2*l + 60. What is the remainder when 52 is divided by i(w)?
16
Suppose -n - 27 = 4*s - 57, -s - 108 = -5*n. What is the remainder when 41 is divided by n?
19
Suppose 7*r - 690 = 3. Calculate the remainder when r is divided by 34.
31
Let y be (-1 + 1)*-1 - (5 + -2). Let r = y + 32. What is the remainder when r is divided by 8?
5
Let d(k) = k**3 + 6*k**2 - 7*k - 8. Let i be d(-6). Suppose -r + i = r. Let h = 4 + r. What is the remainder when 62 is divided by h?
20
Let b(l) = 2*l**2 + 103*l + 303. Let o = 15 - 3. Suppose -6*n = -2*n - o. What is the remainder when b(-3) is divided by n?
0
Let d = -1056 - -1079. What is the remainder when d is divided by 5?
3
Let d(j) be the third derivative of -j**6/120 - j**5/15 - 17*j**3/6 - 9*j**2. Calculate the remainder when 23 is divided by d(-5).
7
Let h(d) be the second derivative of 0 + 2*d + 11/2*d**2 + 1/6*d**3. What is the remainder when h(-4) is divided by 5?
2
Suppose v - 2*v + 3*z + 25 = 0, 3*v = -3*z + 27. Suppose -2*d + 9 = d. Suppose l + 5*a + 70 = 3*l, -12 = d*a. Calculate the remainder when l is divided by v.
12
Suppose 2*m = 3*u + 29, 3*u - 34 = -2*m + 25. Let x = 0 - -3. Calculate the remainder when m is divided by 0/8 + x*4.
10
Let j = 40 + -22. Suppose h = -2*v + 57, 4*v + 53 = 4*h - 139. Calculate the remainder when h is divided by j.
15
Let h(s) = -s**3 + 5*s**2 - 3*s - 4. Let d be h(4). Let u = 2 - d. Let f = -1 + 2. What is the remainder when u is divided by f?
0
Let p = 18 - -23. Let c = 49 - p. Calculate the remainder when 13 is divided by c.
5
Let a(u) = 30*u + 1. Let t(h) = -h**3 - 6*h**2 - 5*h - 3. Let q be t(-3). What is the remainder when a(2) is divided by q/(-1) - (0 + -1)?
13
Suppose 5*h + 18*h - 3841 = 0. What is the remainder when h is divided by 6?
5
Calculate the remainder when 2/((-12)/(-22)*(-18)/(-162)) is divided by 9.
6
Suppose -441 = -75*p + 66*p. Calculate the remainder when 144 is divided by p.
46
Suppose 953 = 3*v + 5*z, -6*z + 998 = 3*v - 10*z. Calculate the remainder when v is divided by 4.
2
Suppose -15*x = -13*x - 4*n - 48, 2*x + 4*n - 8 = 0. What is the remainder when 109 is divided by x?
11
Let i(z) = -2*z**3 + z**2 + 3*z + 2. What is the remainder when 2*(-5 + (2 - (-66)/4)) is divided by i(-2)?
11
Let o(t) = 5*t**3 - 3*t**2 + 2*t + 1. Let s be o(2). Let v = s - 11. What is the remainder when 41 is divided by v?
19
Let t = -44 - -100. Suppose y - 8*y = -t. What is the remainder when y is divided by 4?
0
Let c(x) = x**2 - 12*x + 9. Suppose 2*k = -d + 9, -d + 2 = 5*k - 1. Calculate the remainder when 106 is divided by c(d).
18
Let m = 217 - 142. What is the remainder when 225 is divided by m?
0
Suppose 4*w - 29 = 7. Suppose -8 = f - 50. Let q = f - 26. What is the remainder when q is divided by w?
7
Let p(q) = -21*q + 6. Let u be p(-2). Let a = 133 - u. Calculate the remainder when a is divided by 22.
19
Let m(f) = f**3 + 9*f**2 + 5*f - 11. Let c be (8/3)/1*-3. Calculate the remainder when 35 is divided by m(c).
9
Let m be (156/15)/((-4)/20). Let x = -35 - m. Calculate the remainder when x is divided by 9.
8
Let w = -80 + 147. Let x(b) = -2*b**2 - 36*b - 50. Calculate the remainder when w is divided by x(-16).
11
Let l(b) = -b**3 + b**2 - b - 57. Let s be l(0). Let g = 67 + s. What is the remainder when 37 is divided by g?
7
Let v be -3*(9/27 + -3 + 0). What is the remainder when 73 is divided by 2/(v/380*5)?
16
Let o be 80/(-50)*(-10)/4. Suppose o*v = 2*v + 8. Suppose -2*y + v = -8. What is the remainder when 21 is divided by y?
3
Suppose -z - 2*q = 7, -3*q - 19 = 2*z + 2*q. What is the remainder when -6*(-2*(-11)/(-4) - z) is divided by 27?
24
Let l(h) = 9*h + 16. Calculate the remainder when l(4) is divided by 11/110*(-290)/4*-4.
23
Let r(f) = 5*f**2 - 7*f + 6. Let j be r(5). Suppose 3*t 